{"id":1,"date":"2020-08-05T17:02:09","date_gmt":"2020-08-05T15:02:09","guid":{"rendered":"http:\/\/contrevoz.fr\/?page_id=1"},"modified":"2023-07-01T02:45:25","modified_gmt":"2023-07-01T00:45:25","slug":"accueil","status":"publish","type":"page","link":"https:\/\/contrevoz.fr\/","title":{"rendered":"Bienvenue sur le site internet de Contrevoz"},"content":{"rendered":"<p style=\"text-align: justify\"><a href=\"http:\/\/contrevoz.fr\/wp-content\/uploads\/sites\/348\/2021\/02\/mairie-biblioth\u00e8que-scaled.jpg\"><img loading=\"lazy\" decoding=\"async\" src=\"http:\/\/contrevoz.fr\/wp-content\/uploads\/sites\/348\/2021\/02\/mairie-biblioth\u00e8que-300x200.jpg\" alt=\"\" class=\"wp-image-961 size-medium aligncenter\" width=\"300\" height=\"200\" srcset=\"https:\/\/contrevoz.fr\/wp-content\/uploads\/sites\/348\/2021\/02\/mairie-biblioth\u00e8que-300x200.jpg 300w, https:\/\/contrevoz.fr\/wp-content\/uploads\/sites\/348\/2021\/02\/mairie-biblioth\u00e8que-1024x683.jpg 1024w, https:\/\/contrevoz.fr\/wp-content\/uploads\/sites\/348\/2021\/02\/mairie-biblioth\u00e8que-768x512.jpg 768w, https:\/\/contrevoz.fr\/wp-content\/uploads\/sites\/348\/2021\/02\/mairie-biblioth\u00e8que-1536x1024.jpg 1536w, https:\/\/contrevoz.fr\/wp-content\/uploads\/sites\/348\/2021\/02\/mairie-biblioth\u00e8que-2048x1365.jpg 2048w\" sizes=\"(max-width: 300px) 100vw, 300px\" \/><\/a><\/p>\n<p style=\"text-align: justify\"><span style=\"font-family: verdana, geneva, sans-serif;font-size: 12pt\">Le b\u00e2timent actuel a \u00e9t\u00e9 construit en 1875. Le perron date de 1880.\u00a0<\/span><\/p>\n<p style=\"text-align: justify\"><span style=\"font-family: verdana, geneva, sans-serif;font-size: 12pt\">Le maire est \u00e0 votre disposition aux heures d&#8217;ouverture du secr\u00e9tariat et sur rendez-vous.<\/span><\/p>\n<p style=\"text-align: justify\"><span style=\"font-family: verdana, geneva, sans-serif;font-size: 12pt\"><span style=\"text-decoration: underline\"><strong>Mairie de Contrevoz<\/strong><\/span> : 159,\u00a0 route des Alpes &#8211; 01300 CONTREVOZ<\/span><\/p>\n<p style=\"text-align: justify\"><span style=\"font-family: verdana, geneva, sans-serif;font-size: 12pt\"><span style=\"text-decoration: underline\"><strong>T\u00e9l<\/strong><\/span> : 04 79 81 82 11 &#8211; Fax : 04 79 81 85 05<\/span><br \/>\n<span style=\"font-family: verdana, geneva, sans-serif;font-size: 12pt\"><span style=\"text-decoration: underline\"><strong>Mail<\/strong><\/span> : contrevozmairie@orange.fr<\/span><\/p>\n<p style=\"text-align: justify\"><span style=\"font-family: verdana, geneva, sans-serif;font-size: 12pt\"><span style=\"text-decoration: underline\"><strong>Horaires du secr\u00e9tariat<\/strong><\/span> : mardi et vendredi de 14h \u00e0 17h.<\/span><\/p>\n","protected":false},"excerpt":{"rendered":"<p>Le b\u00e2timent actuel a \u00e9t\u00e9 construit en 1875. Le perron date de 1880.\u00a0 Le maire est \u00e0 votre disposition aux heures d&#8217;ouverture du secr\u00e9tariat et &hellip; <\/p>\n<p class=\"link-more\"><a href=\"https:\/\/contrevoz.fr\/\" class=\"more-link\">Continuer la lecture<span class=\"screen-reader-text\"> de &laquo;&nbsp;Bienvenue sur le site internet de Contrevoz&nbsp;&raquo;<\/span><\/a><\/p>\n","protected":false},"author":428,"featured_media":0,"parent":0,"menu_order":0,"comment_status":"closed","ping_status":"closed","template":"","meta":{"_uag_custom_page_level_css":"","footnotes":""},"class_list":["post-1","page","type-page","status-publish","hentry"],"uagb_featured_image_src":{"full":false,"thumbnail":false,"medium":false,"medium_large":false,"large":false,"1536x1536":false,"2048x2048":false,"twentyseventeen-featured-image":false,"twentyseventeen-thumbnail-avatar":false},"uagb_author_info":{"display_name":"Jean-Daniel Balastrier","author_link":"https:\/\/contrevoz.fr\/author\/n585v24n001\/"},"uagb_comment_info":0,"uagb_excerpt":"Le b\u00e2timent actuel a \u00e9t\u00e9 construit en 1875. Le perron date de 1880.\u00a0 Le maire est \u00e0 votre disposition aux heures d&#8217;ouverture du secr\u00e9tariat et &hellip; Continuer la lecture de &laquo;&nbsp;Bienvenue sur le site internet de Contrevoz&nbsp;&raquo;","_links":{"self":[{"href":"https:\/\/contrevoz.fr\/wp-json\/wp\/v2\/pages\/1"}],"collection":[{"href":"https:\/\/contrevoz.fr\/wp-json\/wp\/v2\/pages"}],"about":[{"href":"https:\/\/contrevoz.fr\/wp-json\/wp\/v2\/types\/page"}],"author":[{"embeddable":true,"href":"https:\/\/contrevoz.fr\/wp-json\/wp\/v2\/users\/428"}],"replies":[{"embeddable":true,"href":"https:\/\/contrevoz.fr\/wp-json\/wp\/v2\/comments?post=1"}],"version-history":[{"count":3,"href":"https:\/\/contrevoz.fr\/wp-json\/wp\/v2\/pages\/1\/revisions"}],"predecessor-version":[{"id":1177,"href":"https:\/\/contrevoz.fr\/wp-json\/wp\/v2\/pages\/1\/revisions\/1177"}],"wp:attachment":[{"href":"https:\/\/contrevoz.fr\/wp-json\/wp\/v2\/media?parent=1"}],"curies":[{"name":"wp","href":"https:\/\/api.w.org\/{rel}","templated":true}]}}

<p style="text-align: justify"><a href="http://contrevoz.fr/wp-content/uploads/sites/348/2021/02/mairie-bibliothèque-scaled.jpg"><img loading="lazy" decoding="async" src="http://contrevoz.fr/wp-content/uploads/sites/348/2021/02/mairie-bibliothèque-300x200.jpg" alt="" class="wp-image-961 size-medium aligncenter" width="300" height="200" srcset="https://contrevoz.fr/wp-content/uploads/sites/348/2021/02/mairie-bibliothèque-300x200.jpg 300w, https://contrevoz.fr/wp-content/uploads/sites/348/2021/02/mairie-bibliothèque-1024x683.jpg 1024w, https://contrevoz.fr/wp-content/uploads/sites/348/2021/02/mairie-bibliothèque-768x512.jpg 768w, https://contrevoz.fr/wp-content/uploads/sites/348/2021/02/mairie-bibliothèque-1536x1024.jpg 1536w, https://contrevoz.fr/wp-content/uploads/sites/348/2021/02/mairie-bibliothèque-2048x1365.jpg 2048w" sizes="(max-width: 300px) 100vw, 300px" /></a></p>
<p style="text-align: justify"><span style="font-family: verdana, geneva, sans-serif;font-size: 12pt">Le bâtiment actuel a été construit en 1875. Le perron date de 1880. </span></p>
<p style="text-align: justify"><span style="font-family: verdana, geneva, sans-serif;font-size: 12pt">Le maire est à votre disposition aux heures d&#8217;ouverture du secrétariat et sur rendez-vous.</span></p>
<p style="text-align: justify"><span style="font-family: verdana, geneva, sans-serif;font-size: 12pt"><span style="text-decoration: underline"><strong>Mairie de Contrevoz</strong></span> : 159,  route des Alpes &#8211; 01300 CONTREVOZ</span></p>
<p style="text-align: justify"><span style="font-family: verdana, geneva, sans-serif;font-size: 12pt"><span style="text-decoration: underline"><strong>Tél</strong></span> : 04 79 81 82 11 &#8211; Fax : 04 79 81 85 05</span><br />
<span style="font-family: verdana, geneva, sans-serif;font-size: 12pt"><span style="text-decoration: underline"><strong>Mail</strong></span> : contrevozmairie@orange.fr</span></p>
<p style="text-align: justify"><span style="font-family: verdana, geneva, sans-serif;font-size: 12pt"><span style="text-decoration: underline"><strong>Horaires du secrétariat</strong></span> : mardi et vendredi de 14h à 17h.</span></p>

<p>Le bâtiment actuel a été construit en 1875. Le perron date de 1880.  Le maire est à votre disposition aux heures d&#8217;ouverture du secrétariat et &hellip; </p>
<p class="link-more"><a href="https://contrevoz.fr/" class="more-link">Continuer la lecture<span class="screen-reader-text"> de &laquo;&nbsp;Bienvenue sur le site internet de Contrevoz&nbsp;&raquo;</span></a></p>

Le bâtiment actuel a été construit en 1875. Le perron date de 1880.  Le maire est à votre disposition aux heures d&#8217;ouverture du secrétariat et &hellip; Continuer la lecture de &laquo;&nbsp;Bienvenue sur le site internet de Contrevoz&nbsp;&raquo;
